 175. Calculate the greatest common divisor of f and k.
18
Let c = 248 - -322. Calculate the greatest common factor of c and 20.
10
Let c = -17 - -19. Let p = 6 - c. Calculate the highest common factor of 20 and p.
4
Let v = -369 + 214. Let i(a) = 16*a**2 + 4*a. Let l be i(-4). Let y = l + v. What is the highest common divisor of y and 17?
17
Let z be 6 + -5 + 9 + 6. Calculate the greatest common factor of 272 and z.
16
Let a be 18*(0 - (-9)/((-108)/(-30))). What is the greatest common divisor of 360 and a?
45
Let f be 275/44 - 2/8. Let s = 43 + -28. What is the greatest common divisor of f and s?
3
Suppose -204 = -5*j + b - 5*b, 4*j - 3*b = 157. Let t = 58 - j. Let a = 22 - t. What is the greatest common divisor of a and 10?
2
Let s(q) = -2*q**2 + 10*q - 4. Let w be s(4). Suppose -c = c - w. Calculate the highest common divisor of c and 18.
2
Suppose -4*j + 36 - 104 = 0. Let p = 21 + j. What is the highest common factor of p and 2?
2
Suppose 0 = 7*y - 2*y + 15. Let v(q) = -2*q**2 + q - 7. Let k be v(y). Let u = 6 - k. Calculate the highest common factor of 51 and u.
17
Let w(f) = f**2 + 5*f - 19. Let x be w(-8). Suppose -3*b + x*s = -2*b + 1, s = 2*b - 34. What is the greatest common factor of b and 19?
19
Suppose -5*v + 4 = -v, 5*j + 5*v = 0. Let y be j/((-12)/(-136))*(-15)/2. Calculate the greatest common divisor of y and 34.
17
Let h = -21 + 62. Let k = h + -17. Suppose 17 = 20*b - 43. Calculate the highest common divisor of k and b.
3
Suppose 0 = -24*r + 900 + 540. Calculate the highest common factor of r and 1140.
60
Let x = 705 + -369. Calculate the highest common divisor of x and 48.
48
Suppose 2*v = -3*v - 2*r + 56, -v - 2*r = -16. What is the greatest common divisor of 10 and v?
10
Let j = 127 - -412. Calculate the highest common divisor of 22 and j.
11
Let c = 1166 + -753. Calculate the greatest common divisor of 59 and c.
59
Suppose 0 = -11*i + 7 + 26. Let t be (2 - -7) + 1 - i. Calculate the greatest common divisor of 28 and t.
7
Let y = 26 + -22. Suppose -43 = -y*b + 5*i, b - 15 = 4*i + 4. Suppose -2 = o, 3*t + 2*o = t + 94. What is the highest common factor of t and b?
7
Let l = 16 + -11. Suppose 2*a + 2*o = 12, -2*o = -l*a - 0*o + 37. Suppose -9*m = 3*h - 7*m - 21, 3*h = 2*m + 21. What is the highest common factor of a and h?
7
Let s(k) = -2*k**3 - 4*k**2 + k - 1. Let a be s(-3). Suppose a*f = 10*f - 32. Let i = f - -18. What is the greatest common factor of i and 70?
10
Suppose 0 = 3*s - k - 1358 - 9, 0 = 5*s + 2*k - 2282. What is the highest common factor of s and 19?
19
Let l = 406 + -386. What is the greatest common divisor of l and 5?
5
Let k(x) = 3*x**3 - 2*x. Let v be k(2). What is the highest common factor of v and 25?
5
Let y(n) = -8*n + 16. Let a be y(1). Calculate the highest common divisor of 10 and a.
2
Let d(r) = 95*r - 80. Let p be d(1). Suppose 3*y - 18 = 2*n - 7, 2*y + 3*n = 16. What is the greatest common factor of y and p?
5
Let k(d) = d + 48. Let i be k(-12). Let w be i/((-3)/(-6) + 1). What is the greatest common divisor of w and 3?
3
Suppose q - 25 = -4*q - 5*r, -r + 13 = 5*q. Let j be (2 - 1)*q/(-2). Let o be 4/8*j*-18. What is the greatest common divisor of o and 27?
9
Let t(q) = -130*q + 8. Let x be t(-8). Suppose 0 = -14*o + 72 + x. What is the greatest common divisor of 5 and o?
5
Suppose -3*a + 3*n + 1925 = -136, -2075 = -3*a - 4*n. Calculate the highest common factor of 39 and a.
13
Let x = -273 + 1362. What is the highest common divisor of 36 and x?
9
Suppose 29 = 5*p - 6. Suppose 40 = -p*n + 12*n. What is the greatest common factor of 6 and n?
2
Let h(u) = 17*u**2 + 84*u + 1. Let o be h(-5). What is the highest common factor of 384 and o?
6
Let w = 87 - 52. What is the greatest common divisor of 10 and w?
5
Let f(c) = c**2 + 22. Let l be f(0). Let o = -8 + 8. Suppose o = 5*v - 841 - 369. What is the highest common factor of v and l?
22
Suppose -4*n + 6*n - 256 = 0. Suppose -3*y - n = -7*y. Suppose 4*j + j - 40 = 0. What is the greatest common divisor of y and j?
8
Let x(g) = 12*g - 2. Let n(p) = 5*p - 12. Let w be n(3). Let q be x(w). What is the highest common divisor of 51 and q?
17
Suppose -41*l = -46*l + 1080. What is the greatest common factor of l and 24?
24
Let z = 3 + -5. Let c be 1*(34 - 4)/z. Let x = c - -26. Calculate the greatest common factor of x and 1.
1
Let t(m) = -8*m**2 + 27*m - 5. Let p be t(3). Let v be 23/5 - (-9)/(-15). What is the greatest common divisor of v and p?
4
Let m = -180 + 198. Calculate the highest common divisor of 198 and m.
18
Suppose 0 = -14*l + 5*l + 27. Let s be 106 + l + -2 + 3. Calculate the greatest common divisor of 165 and s.
55
Let o be (-3 + 39/6)/((-4)/(-104)). Let g = 104 - o. Calculate the highest common factor of g and 91.
13
Let c(h) = h**2 - 69*h - 52. Let o be c(70). What is the greatest common divisor of 3114 and o?
18
Suppose -5*w + 9 = -4*z + 33, 0 = -w - z - 12. Let c = w - -20. What is the greatest common factor of 96 and c?
12
Suppose -4*s - 6*k = -k - 34, 2*s + 3*k = 18. Suppose 18 = s*b - 12. What is the highest common divisor of 20 and b?
5
Let k(g) = 74*g - 390. Let t be k(7). What is the highest common factor of t and 144?
16
Suppose -1000*n = -994*n - 9462. Calculate the greatest common divisor of n and 83.
83
Let m(t) = 5*t**2 + 2*t + 4. Let b be m(3). Suppose -w = 2*x - 22, 5*x + 5*w = 3*w + b. Calculate the greatest common divisor of x and 22.
11
Suppose 238 = 3*j - 4*r, 0 = -2*j + 5*r + 178 - 10. Let k = -51 + j. Suppose -k + 94 = 2*s - g, 2*g = -2*s + 56. What is the highest common factor of 22 and s?
11
Let b = -25 + 35. Let r be (-10704)/80 - 2/b. Let v be 1 + -1*(r - -3). What is the highest common divisor of v and 12?
12
Let x(g) = 4*g + 301. Let o be x(42). Calculate the highest common factor of 134 and o.
67
Let z = 3 - 0. Let y(t) = -t**2 + 13*t - 20. Let d be y(11). What is the greatest common divisor of z and d?
1
Let c = -34 - -38. Let p = 2 + 2. What is the greatest common divisor of c and p?
4
Let q = 4 + 1. Suppose -q*o + 21 = -159. Suppose 2*s + 3*h - 24 = s, 0 = 3*h. Calculate the highest common factor of o and s.
12
Let d(l) = -l**2 - 24*l - 30. Let r be d(-19). What is the greatest common divisor of 585 and r?
65
Suppose 0 = -0*l + l - 2*s - 1, 12 = -4*s. Let v be 2/l + (-1810)/(-25). Calculate the greatest common factor of 8 and v.
8
Let l = -72 + 170. Let q = 128 - l. Calculate the highest common divisor of 10 and q.
10
Let k(h) = h**2 - 8*h + 5. Let g be k(8). What is the greatest common divisor of 5 and g?
5
Let t(o) = -o**3 - 14*o**2 - 15*o + 38. Let l be t(-13). Calculate the greatest common factor of 48 and l.
16
Let p be -3*(12/(-18) + -1). Suppose -f = 3*y - 137, 0 = 3*y + 3*f - 233 + 92. Calculate the greatest common factor of y and p.
5
Suppose 285*j - 276*j = 6399. Calculate the greatest common factor of j and 9.
9
Suppose -996 = -3*d + 2*c, 0 = 4*d - 8*d + c + 1323. Calculate the highest common factor of 33 and d.
33
Let j(t) = 63*t - 374. Let q be j(6). Calculate the highest common factor of 100 and q.
4
Suppose -5*p = -3*b - 59, 2*p - 2*b - 27 = -1. Calculate the highest common divisor of 70 and p.
10
Let t = -46 + 90. Calculate the highest common factor of t and 33.
11
Let g = 37 - 67. Let q = 10 + 0. Let a = q - g. Calculate the highest common factor of a and 10.
10
Let f be 7 + -4 - (-9)/(-3). Suppose f = k - 158 - 2. Suppose 0 = 3*c - c + 4, -4*j = -2*c - 84. What is the highest common divisor of k and j?
20
Let z(q) = q**3 - 6*q**2 - 10*q + 19. Let a be z(7). Let v be a/2*(-130 + -10). What is the highest common factor of 14 and v?
14
Suppose -2*g - 17 + 13 = 0, 5*r = 3*g + 41. Suppose -x = -2*x + 7. What is the highest common divisor of x and r?
7
Suppose -22896 = -13*s - 40*s. What is the greatest common factor of s and 270?
54
Let g(j) = 485*j - 9686. Let z be g(20). Let k be (-12)/(1 + (-62)/56). What is the highest common divisor of k and z?
14
Suppose -5*o + 5*k + 10 = 0, -21*o + 3*k - 43 = -25*o. Calculate the greatest common divisor of 259 and o.
7
Suppose 5*k = 2*k. Suppose k = 5*i - 270 + 45. What is the highest common factor of 15 and i?
15
Let x(z) = z**2 - 3*z - 22. Let k be x(-7). What is the greatest common factor of k and 324?
12
Let c(w) = 2*w**3 - 15*w**2 + 12*w - 17. 